he greatest common divisor of 99 and m?
11
Let p = 468 + -456. What is the greatest common factor of 108 and p?
12
Let i(m) = 2*m**2 - m + 1. Let h = -28 - -27. Let l be i(h). Suppose 0*c = 3*c - 48. What is the highest common divisor of c and l?
4
Let f(p) = -3*p + 12. Let y(u) = -3*u + 13. Let j(c) = 3*f(c) - 2*y(c). Let h be j(5). Let g = h + 8. What is the greatest common factor of 24 and g?
3
Suppose 199 - 43 = 13*d. Calculate the highest common factor of d and 36.
12
Let n(g) = 8*g**2 - 3*g + 2. Suppose -4 = -2*f - 2. Let r be n(f). Let a be (-1)/(2/(4/(-2))). Calculate the highest common factor of a and r.
1
Suppose 0 = 2*j + o - 1159, 5*o = 2*j - 373 - 816. Calculate the greatest common factor of 6 and j.
6
Let r be -4 - 66/(-2 - 4). Let u = 106 - r. Let x(q) = -65*q**3 + 1. Let j be x(-1). Calculate the highest common divisor of j and u.
33
Let t = -39 - -58. Suppose 5*p - 93 = 2*o, -3*p + 2*o + 78 - t = 0. What is the highest common divisor of 136 and p?
17
Let q(z) = -3*z**2. Let j be q(-1). Let s be (-2)/j*(-75)/(-10). Suppose -2*t - 1 = -3*t, -3*a = s*t - 125. Calculate the highest common divisor of a and 16.
8
Let g be 38 + 3 - (1 + 1). Let d = g + -9. Let x be 1/(-5) - 102/(-10). What is the greatest common divisor of d and x?
10
Let z be (-7)/3 + 2 + (-1319)/3. Let j be (5/(-2))/(4/z). What is the greatest common factor of j and 25?
25
Suppose 4534 = 34*b - 396. What is the highest common factor of b and 58?
29
Let b = -30 + 32. Let d be -6*((-3)/(-6) + -1). Suppose -3*y + 16 = m + b, -d*m + 42 = -3*y. Calculate the highest common factor of m and 112.
14
Let b = 713 - 663. What is the highest common divisor of b and 2?
2
Let m = 127 - 47. Let o be 710/34 + (m/136)/5. What is the greatest common divisor of o and 84?
21
Let v = -340 + -10. Let c = 620 + v. Suppose -4*n = n - c. What is the greatest common divisor of n and 6?
6
Suppose -8*a + 36 = -2*a. Suppose s = -0*s + 66. Calculate the greatest common divisor of a and s.
6
Suppose -18*u = -43*u + 3900. Calculate the highest common factor of 48 and u.
12
Let m = -16 - -22. Let w = 499 - 353. Suppose 0 = 2*d - w + 14. Calculate the greatest common factor of d and m.
6
Let o = 48 + -44. Suppose -2*f + 17 = -y, 2*y - 65 = -o*f - f. What is the highest common factor of 33 and f?
11
Let p be (1/(-2))/(6/(-108)). Calculate the greatest common divisor of 51 and p.
3
Let b be 0/(1 - (0 + 2)). Let r be 1/(2/2 - b). Suppose -5*j - 9*x = -10*x - 52, 3*x = -3*j + 42. Calculate the highest common factor of j and r.
1
Let f be -1 + -6 - (-935 - 15 - 1). What is the highest common divisor of 59 and f?
59
Let m(g) be the first derivative of -g**2 - 2*g + 2. Let r be m(4). Let y be (24/r)/((-14)/35). What is the greatest common divisor of y and 66?
6
Suppose 102 = -2*g - g. Let j = g + 37. Calculate the greatest common divisor of 15 and j.
3
Let p = -2464 + 2576. What is the highest common divisor of p and 1008?
112
Suppose -5*a = 5*l - 55, -4*l + 44*a = 42*a - 74. Calculate the highest common factor of l and 512.
16
Let l = 703 + -584. What is the greatest common factor of 51 and l?
17
Suppose v = 2*l + 83 - 274, -4*l + v = -383. Calculate the highest common factor of 54 and l.
6
Suppose g - f + 7 = 3*g, 15 = 4*g + f. Let u be (-1)/2 + 682/44. Let l be 2*(8/(-52) + u/13). Calculate the greatest common divisor of g and l.
2
Suppose 0 = 4*g - 14 - 6. Let v = 11 - 6. Suppose c - 12 + 4 = -3*x, g*x - 30 = -v*c. What is the highest common divisor of 35 and c?
5
Suppose -441 = 3*i - 456. Suppose -2*d = -4*d + 40. Calculate the highest common factor of i and d.
5
Let f(x) = -5*x + 39. Let b be f(3). Suppose -5*m + 6 - 1 = 0. Let l(c) = 5*c**2 + 1. Let j be l(m). Calculate the highest common divisor of b and j.
6
Let r(t) be the first derivative of -7 - 4*t + 7/3*t**3 + 0*t**2 + 1/4*t**4. Let y be r(-6). Calculate the highest common factor of 48 and y.
16
Let z = -56 + 58. Suppose 4*x - z*t - 46 = 0, -2*x - 2 + 0 = 4*t. Suppose 0 = -4*b + j + 393, 0*j - j = b - 102. Calculate the highest common factor of x and b.
9
Let g(m) = 6*m**2 + 2*m + 1. Let v be g(4). What is the greatest common divisor of 30 and v?
15
Let b = -450 - -975. Calculate the highest common divisor of b and 21.
21
Let k be (-823817)/(-413) + ((-12)/14)/(-3). Calculate the highest common divisor of 15 and k.
15
Suppose 5*z = 2*p - 60, 2*z - 6*z - p = 61. Let l = -10 - z. What is the highest common divisor of 44 and l?
4
Let p(a) = -3*a - 31. Let g be p(-21). What is the greatest common divisor of 4 and g?
4
Let h = 374 + -352. What is the highest common divisor of 660 and h?
22
Suppose -14*d = -479 - 11. What is the highest common factor of 7 and d?
7
Suppose q = s + 4, 12 = -q + 4*q + 5*s. Suppose 0 = 4*l + i - 1977, 3*i = l - 349 - 155. Suppose -n - q*n = -l. What is the greatest common divisor of n and 11?
11
Let d(h) = 25*h - 143. Let m be d(11). Let x(q) = 13*q**2 - q. Suppose -2 = -5*n + 3. Let i be x(n). What is the highest common factor of i and m?
12
Suppose -3*u - 5*g = -27, -5*u + 11 = -5*g + 2*g. Let c = -1 + 8. Suppose v - 51 = -c. Calculate the highest common factor of u and v.
4
Suppose 2*p = -23 - 13. Let y = -9 - p. Calculate the greatest common divisor of 63 and y.
9
Let b(n) = 5*n**2 - 3*n - 2. Let d be b(3). Let z(r) = -2*r + 1. Let w be z(1). Let o be (w - -3) + d + -3. Calculate the highest common divisor of o and 3.
3
Suppose 16 = -m + 15. Let z(q) = -19*q**3 - 2*q - 2. Let b be z(m). Calculate the highest common divisor of b and 76.
19
Let i = -453 - -267. Let b be 24/60 - i/10. What is the highest common divisor of 95 and b?
19
Let g = 12 + -56. Let k = -33 - g. Calculate the highest common factor of 88 and k.
11
Suppose -2*q = -16 + 34. Let t be (126/24)/(q/(-24)). Calculate the greatest common factor of 126 and t.
14
Let z be 1 + -3 + 2 + 12/1. Let i be 104/6 + 8/z. What is the greatest common factor of 126 and i?
18
Let p(q) = -26*q - 168. Let g be p(-7). Calculate the greatest common divisor of g and 448.
14
Suppose 99 = 4*d - 3*d. Suppose v + d = 2*v. What is the greatest common factor of 9 and v?
9
Let i(u) = u**3 - 7*u**2 + 8*u - 1. Let o be i(6). Suppose -4*n + 3 = o. Let a be (-438 - -4)*1/n. What is the highest common factor of 31 and a?
31
Let x = -1714 + 1734. Calculate the highest common factor of 100 and x.
20
Let m(p) = -4*p + 4. Let b = -12 + 5. Let g = b - -1. Let n be m(g). What is the greatest common factor of n and 7?
7
Let v(f) = 16*f**2 - f. Let p be v(-2). Let l = 283 + -85. Suppose -4*r + 2*r = -l. Calculate the greatest common factor of p and r.
33
Let b = 34 + -10. Suppose -5*n + 167 - 672 = -4*t, 2*t - 250 = 2*n. What is the greatest common factor of t and b?
24
Suppose 2*l - 4*l = 4*g + 56, 3*l - 12 = 0. Let v = g - -48. Suppose 4*s = -3*q + 56, 0*q - v = -q - 4*s. What is the greatest common factor of q and 48?
12
Let k be (3 - 0 - (-105)/(-70))*30. Calculate the highest common factor of k and 2745.
45
Let h be 94/(-18) + 2/9. Let f = h + 71. Calculate the greatest common factor of 6 and f.
6
Suppose 0*r = -3*t - 4*r - 362, 0 = -4*r + 16. Let x = 132 - 188. Let i = x - t. Calculate the highest common divisor of i and 10.
10
Let i = 281 - 263. What is the highest common divisor of 171 and i?
9
Let n = -95 - -161. Let m = 147 + -141. Calculate the highest common factor of m and n.
6
Suppose -3*m + 2 = -31. Suppose 4*f + 77 = -31. Let b = -16 - f. Calculate the highest common factor of b and m.
11
Let g(j) = j**3 + 5*j**2 - 8*j - 9. Let m be g(-6). Suppose a - 31 = -5*c, m*a - 2*a - 4*c = -5. What is the greatest common factor of 11 and a?
11
Let q = -6 - -10. Suppose -11*t + 7*t + q = 0. Let c be (-5)/(-3)*3*t. Calculate the greatest common factor of 30 and c.
5
Suppose -3*w - 6 = -4*n - 3, -2*n = 0. Let t be 166 + (-1 - (0 + -2 + w)). What is the highest common divisor of t and 21?
21
Let g(c) = -4*c**3 + 4*c**2 + 11*c + 4. Let t be g(-4). What is the highest common factor of t and 175?
35
Let h(v) = -56*v - 28. Let g be h(-2). Calculate the highest common factor of 12 and g.
12
Let c be 32/40 - 38/10. Let h = 15 + c. Calculate the highest common factor of 60 and h.
12
Let l be 6036/54 - 12 - -4 - 2/(-9). Let n(u) = -u**2 - 7*u + 7. Let g be n(-6). Calculate the highest common 